 4674114?
7
What is the ten thousands digit of 101571034?
7
What is the hundreds digit of 1054903?
9
What is the hundreds digit of 1933982173?
1
What is the thousands digit of 2136034185?
4
What is the units digit of 256404368?
8
What is the millions digit of 16199631?
6
What is the hundred thousands digit of 67110137?
1
What is the millions digit of 8482027?
8
What is the millions digit of 89426234?
9
What is the hundred millions digit of 306176564?
3
What is the thousands digit of 135610767?
0
What is the units digit of 119768705?
5
What is the thousands digit of 138312832?
2
What is the ten thousands digit of 51681261?
8
What is the tens digit of 425225680?
8
What is the thousands digit of 6496607351?
7
What is the units digit of 8395602?
2
What is the units digit of 43636030?
0
What is the units digit of 4644445?
5
What is the ten millions digit of 141879603?
4
What is the units digit of 6861087547?
7
What is the ten millions digit of 287202120?
8
What is the hundred thousands digit of 4068436090?
4
What is the tens digit of 169895520?
2
What is the billions digit of 3671126742?
3
What is the millions digit of 71675835?
1
What is the hundred millions digit of 157196360?
1
What is the thousands digit of 195109830?
9
What is the hundred thousands digit of 3284634334?
6
What is the billions digit of 3166264441?
3
What is the tens digit of 1693703218?
1
What is the hundreds digit of 77839010?
0
What is the thousands digit of 3113390966?
0
What is the hundred millions digit of 3311493519?
3
What is the hundreds digit of 135958691?
6
What is the hundred millions digit of 115812889?
1
What is the thousands digit of 3756227?
6
What is the units digit of 24980483?
3
What is the hundred millions digit of 8483320605?
4
What is the hundreds digit of 16868823?
8
What is the units digit of 1658683965?
5
What is the ten millions digit of 467342591?
6
What is the tens digit of 37260308?
0
What is the hundred thousands digit of 118847869?
8
What is the hundred thousands digit of 197290605?
2
What is the hundred thousands digit of 60576532?
5
What is the units digit of 9253156?
6
What is the hundred millions digit of 2853261434?
8
What is the thousands digit of 13477782?
7
What is the thousands digit of 1043566282?
6
What is the thousands digit of 155460004?
0
What is the hundred millions digit of 2661876679?
6
What is the units digit of 41317857?
7
What is the units digit of 23507184?
4
What is the ten millions digit of 2656089391?
5
What is the hundreds digit of 2892750543?
5
What is the hundred thousands digit of 4065553?
0
What is the units digit of 2719932477?
7
What is the millions digit of 5594452497?
4
What is the ten thousands digit of 3345559120?
5
What is the hundreds digit of 870175842?
8
What is the hundred thousands digit of 1824236896?
2
What is the tens digit of 305877?
7
What is the ten millions digit of 204882534?
0
What is the thousands digit of 36240910?
0
What is the thousands digit of 1783597910?
7
What is the tens digit of 370274864?
6
What is the millions digit of 889369137?
9
What is the millions digit of 159178573?
9
What is the thousands digit of 8222069?
2
What is the hundred thousands digit of 45478586?
4
What is the ten millions digit of 6210573624?
1
What is the ten millions digit of 4990389537?
9
What is the hundreds digit of 326267600?
6
What is the units digit of 201225640?
0
What is the ten thousands digit of 229635612?
3
What is the thousands digit of 377064022?
4
What is the units digit of 159244642?
2
What is the hundreds digit of 58182663?
6
What is the ten thousands digit of 3290853?
9
What is the hundred thousands digit of 60929795?
9
What is the hundred thousands digit of 213158986?
1
What is the hundreds digit of 1485734713?
7
What is the units digit of 244630550?
0
What is the hundreds digit of 91410387?
3
What is the hundred thousands digit of 10615940?
6
What is the units digit of 5001933995?
5
What is the millions digit of 48209999?
8
What is the ten millions digit of 35041682?
3
What is the thousands digit of 358433056?
3
What is the units digit of 2318303428?
8
What is the hundreds digit of 126201827?
8
What is the hundred millions digit of 318011796?
3
What is the hundreds digit of 463390940?
9
What is the hundred millions digit of 215191317?
2
What is the hundreds digit of 236116601?
6
What is the tens digit of 878293527?
2
What is the ten millions digit of 83259105?
8
What is the units digit of 164959918?
8
What is the hundred thousands digit of 18551098?
5
What is the ten millions digit of 629922056?
2
What is the ten millions digit of 248240440?
4
What is the hundred thousands digit of 996141671?
1
What is the tens digit of 7449524922?
2
What is the hundreds digit of 380457345?
3
What is the hundreds digit of 52586700?
7
What is the tens digit of 37030285?
8
What is the ten millions digit of 2690445572?
9
What is the ten millions digit of 943233188?
4
What is the millions digit of 67013725?
7
What is the billions digit of 7742811052?
7
What is the hundred thousands digit of 158729226?
7
What is the hundreds digit of 334662207?
2
What is the ten millions digit of 46751625?
4
What is the billions digit of 2694694091?
2
What is the hundred thousands digit of 25711057?
7
What is the hundred thousands digit of 861703426?
7
What is the hundred thousands digit of 1942517?
9
What is the hundreds digit of 1345502142?
1
What is the hundred millions digit of 118579817?
1
What is the thousands digit of 45319622?
9
What is the ten thousands digit of 183560109?
6
What is the ten thousands digit of 5631713719?
1
What is the hundred millions digit of 6093681172?
0
What is the ten millions digit of 94983644?
9
What is the millions digit of 38654702?
8
What is the units digit of 100633258?
8
What is the units digit of 582771060?
0
What is the hundred thousands digit of 179476802?
4
What is the hundred millions digit of 451414367?
4
What is the hundreds digit of 310597273?
2
What is the hundred millions digit of 229188256?
2
What is the ten thousands digit of 324803394?
0
What is the hundreds digit of 772007594?
5
What is the units digit of 286637068?
8
What is the ten thousands digit of 72964486?
6
What is the millions digit of 198248725?
8
What is the hundreds digit of 2891823145?
1
What is the tens digit of 204548938?
3
What is the hundred thousands digit of 10752116?
7
What is the hundred thousands digit of 278904109?
9
What is the hundred millions digit of 286640509?
2
What is the ten thousands digit of 166500870?
0
What is the ten thousands digit of 218370357?
7
What is the hundreds digit of 846445793?
7
What is the thousands digit of 1262489682?
9
What is the millions digit of 1185416799?
5
What is the hundred thousands digit of 1684211762?
2
What is the hundreds digit of 160940547?
5
What is the hundreds digit of 2561740545?
5
What is the ten thousands digit of 5609496978?
9
What is the hundreds digit of 360838816?
8
What is the hundred thousands digit of 1551403772?
4
What is the tens digit of 539996188?
8
What is the ten millions digit of 2063884903?
6
What is the units digit of 558190165?
5
What is the hundreds digit of 165355023?
0
What is the hundreds digit of 228325041?
0
What is the tens digit of 88072493?
9
What is the ten thousands digit of 1356466214?
6
What is the units digit of 3010107?
7
What is the thousands digit of 12940165?
0
What is the units digit of 323209506?
6
What is the tens digit of 12841630?
3
What is the hundred millions digit of 113343589?
1
What is the hundred thousands digit of 470646251?
6
What is the tens digit of 57811186?
8
What is the hundred thousands digit of 337651361?
6
What is the hundreds digit of 364253328?
3
What is the units digit of 8519654473?
3
What is the ten millions digit of 128860994?
2
What is the ten thousands digit of 188331901?
3
What is the thousands digit of 6060812414?
2
What is the hundreds digit of 48322219?
2
What is the thousands digit of 2463968083?
8
What is the ten millions digit of 20896692?
2
What is the hundred thousands digit of 1018826600?
8
What is the hundreds digit of 32323606?
6
What is the hundreds digit of 46099310?
3
What is the ten millions digit of 107061541?
0
What is the ten millions digit of 1008926764?
0
What is the units digit 